ANNUAL CLIMATOLOGICAL SUMMARY for 2017
NAME: The Hendre  CITY: The Hendre   STATE: Monmouthshire  
ELEV:    77 m  LAT:  51 49' 43" N  LONG:   2 47' 44" W
               TEMPERATURE (C), HEAT BASE 18.3, COOL BASE 18.3
                          DEP.  HEAT  COOL                                          
        MEAN  MEAN        FROM  DEG   DEG                        MAX  MAX  MIN  MIN 
 YR MO  MAX   MIN   MEAN  NORM  DAYS  DAYS  HI  DATE  LOW  DATE  >=32 <=0  <=0  <=-18 
------------------------------------------------------------------------------------
 17  1   7.8   1.3   4.5   0.0   427     0  12.2  11  -4.6    5    0    0   15    0
 17  2   9.1   4.0   6.5   0.0   330     0  15.7  20  -2.2    6    0    0    4    0
 17  3  12.6   5.2   8.9   0.0   291     0  17.7  30  -0.5   23    0    0    1    0
 17  4  14.9   3.6   9.2   0.0   272     0  20.7   9  -1.9   27    0    0    2    0
 17  5  18.7   8.7  13.7   0.0   145     1  26.8  25   0.7   10    0    0    0    0
 17  6  21.1  11.6  16.4   0.0    77    20  30.9  21   6.1    4    0    0    0    0
 17  7  21.8  12.3  17.0   0.0    48     9  28.6   6   8.2   23    0    0    0    0
 17  8  20.4  10.9  15.7   0.0    83     1  25.7  27   6.7   11    0    0    0    0
 17  9  18.1   8.8  13.4   0.0   146     0  21.1   1   3.4   22    0    0    0    0
 17 10  16.1   9.1  12.6   0.0   177     0  19.1  16  -0.4   30    0    0    1    0
 17 11  11.2   2.7   7.0   0.0   340     0  14.6   9  -2.2   17    0    0    9    0
 17 12   8.7   2.0   5.4   0.0   401     0  14.4  20  -7.3   12    0    0   11    0
------------------------------------------------------------------------------------
        15.1   6.7  10.9   0.0  2738    31  30.9 JUN  -7.3  DEC    0    0   43    0
                                PRECIPITATION (mm)
               DEP.   MAX        DAYS OF RAIN 
               FROM   OBS.          OVER
 YR MO  TOTAL  NORM   DAY  DATE  .2   2   20
---------------------------------------------
 17  1  47.2  -37.5  12.0   31   18    7    0
 17  2  37.8  -21.0   9.8    2   18    7    0
 17  3  50.4   -8.7  10.8   22   22    6    0
 17  4   9.6  -44.3   3.2    1    9    2    0
 17  5  42.2  -17.6  11.2   12   14    7    0
 17  6  68.6   16.9  23.2   28   13    6    1
 17  7  58.0    6.8  18.2   21   16    7    0
 17  8  38.4  -24.7   9.4    8   17    7    0
 17  9  35.8  -29.8   3.4   29   25   10    0
 17 10  38.7  -41.8  19.6   19   19    3    0
 17 11  38.0  -43.8   8.0   11   21    5    0
 17 12  86.6    2.6  13.6   26   23   11    0
---------------------------------------------
       551.3-242.9  23.2  JUN  215   78    1
                                WIND SPEED (mph)
                          DOM
 YR MO   AVG.  HI   DATE  DIR
---------------------------------
 17  1   1.1  30.0   11   SSW
 17  2   3.6  43.0   23   SSW
 17  3   3.6  38.0   19   SSW
 17  4   1.7  22.0    3     W
 17  5   2.5  24.0   15    NE
 17  6   3.3  30.0    6     W
 17  7   2.3  27.0   21     W
 17  8   2.3  28.0    3     W
 17  9   2.4  34.0   13    SW
 17 10   3.6  39.0   21     W
 17 11   2.0  37.0   22    SW
 17 12   2.9  37.0   30    SW
---------------------------------
         2.6  43.0  FEB   SW